o + 7. Let r = 9 - o. What is the greatest common factor of 1 and r?
1
Let d = 82 + 53. What is the highest common factor of d and 15?
15
Suppose -3*y = g - 138, y + 6 = -y. Let c(s) = -2*s**2 + 3*s + 2. Let r be c(-5). Let p = -42 - r. What is the greatest common factor of g and p?
21
Let b(l) = 4*l**2 + 5*l. Let y be b(-4). Let m = 111 + -1. Calculate the greatest common factor of y and m.
22
Let q = 68 - 65. What is the highest common factor of q and 3?
3
Suppose -2*u - 75 = 3*u. Let p be 1*3*(-25)/u. Suppose -p*l = 6 - 36. Calculate the highest common factor of 24 and l.
6
Suppose 3*c = 30 + 18. Calculate the greatest common divisor of c and 8.
8
Let f(x) = -x + 23. Let m be f(0). Let s be ((0 - -1)/3)/((-5)/(-1035)). What is the greatest common factor of s and m?
23
Suppose -5*p + 3 = x, 2*p + 0*p = 0. Let w = 1 + x. Calculate the greatest common divisor of w and 44.
4
Suppose -3*z + 11 + 16 = 0. What is the highest common divisor of 6 and z?
3
Let y be -2 + 4/2 + 13. Suppose -2*p + j + 25 = p, 5*j = 4*p - 48. Let z = p + 58. What is the greatest common divisor of y and z?
13
Suppose -8*u = 31 - 271. What is the highest common factor of 120 and u?
30
Let g be -1 + 1 + 1 + 11. Let w be 966/36 + 2/g. What is the greatest common divisor of w and 3?
3
Suppose -s - s = 3*m, 0 = m. Suppose 5*y + 0*y - 15 = s. Suppose -y = -b + 11. Calculate the greatest common factor of b and 56.
14
Suppose 4*h - 30 = 22. Calculate the greatest common factor of 117 and h.
13
Suppose -4*h - 52 = -4*i, 0 = 2*h - 4*i - 0*i + 24. Let y = 23 + h. Calculate the highest common divisor of y and 36.
9
Suppose -3*v - 2*m + 4*m = -901, -3*v + m = -896. Calculate the greatest common factor of v and 33.
33
Let f(h) = h**2 - 40*h + 156. Let v be f(36). Let c(s) = -16*s + 4. Let k be c(-5). What is the highest common divisor of v and k?
12
Let r(q) = -q**2 + 7*q - 2. Suppose m - 2*w + 6*w = 2, -m + 2*w + 8 = 0. Let h be r(m). Suppose -h*a = a - 25. What is the highest common factor of a and 40?
5
Let j = 33 - 12. Calculate the highest common factor of 105 and j.
21
Let x(o) = o**2. Let r(h) = -3*h**2 + 6*h - 4. Let m(l) = -r(l) - 4*x(l). Let d = -1 + -3. Let g be m(d). Calculate the greatest common divisor of g and 12.
12
Let l = -51 - -71. Let v be (-3)/((1/(-1))/l). Let h(p) = 5*p + 44. Let r be h(-4). What is the greatest common divisor of v and r?
12
Let u be (0/4 + 1)*29. Let p = 49 - u. Calculate the greatest common divisor of p and 40.
20
Let u be -1*6/2*-1. Let j be (-16*u)/((-3)/8). What is the highest common factor of j and 16?
16
Suppose 2*o - 2*j = -2*o + 16, 5*o - j = 20. Suppose 3 = -a + 4*x, 2*x + 0 - 2 = 0. Calculate the highest common divisor of a and o.
1
Let q = 39 - 9. Let a(g) = g**2 - 10*g + 12. Let m be a(9). Suppose q = m*v - 0*v. What is the highest common divisor of v and 90?
10
Let l = 3 + 20. What is the greatest common factor of 69 and l?
23
Let w(i) = -20*i**3 + 2*i + 1. Let r be w(-1). What is the highest common divisor of 38 and r?
19
Let k(m) = m**3 + 5*m**2 + 5*m + 2. Let c be k(-3). Suppose 0 = c*b - 7*b + 26. Calculate the greatest common factor of 52 and b.
13
Let t be (-102)/14 + (-6)/(-21). Let j = 36 + t. What is the greatest common factor of j and 145?
29
Suppose -4*u + 3*o - 5*o = 72, 4*u + 3*o = -74. Let g = 35 + u. Calculate the highest common factor of 54 and g.
18
Let f(z) = -z**2 + 5*z + 5. Let h be f(7). Let q be 3/(-2)*1212/h. Suppose -2*l + 50 + q = 0. Calculate the highest common divisor of 18 and l.
18
Suppose -5*u + 3*u = -64. Suppose 0 = 3*l - i - 23, -2*l + 2*i + u = -2*i. Let d be (-92)/(-6) + (-2)/l. What is the highest common divisor of 165 and d?
15
Suppose 4*b - 3*t - 24 = 0, 3*b + 0*b + t - 5 = 0. Suppose q - b*q + 98 = 0. What is the greatest common factor of 7 and q?
7
Let m(h) = h**2 - 6*h - 11. Let d be m(8). Calculate the greatest common factor of d and 40.
5
Let g(f) = 5*f**2 + f - 1. Let o be g(1). Suppose o*r = 11 + 59. Calculate the greatest common factor of r and 42.
14
Suppose 7 + 3 = 5*b. What is the greatest common factor of 6 and b?
2
Let q(r) = -2 + r**3 - r + 2 - 2 - 4*r**2 - 4. Let z be q(5). What is the highest common divisor of 112 and z?
14
Suppose -103 = -3*m - 34. What is the greatest common factor of m and 184?
23
Suppose 9*g - 225 = 4*g. Let k(d) = -d**2 + 9*d + 9. Let u be k(9). Calculate the highest common divisor of u and g.
9
Suppose 915 = 3*h + 3*k, 4*h - 1220 = 5*k - k. Suppose -h - 100 = -3*i. Let b = i - 95. What is the highest common factor of 8 and b?
8
Suppose -19 = -3*a - 5*z + 1, -4*z - 11 = -3*a. Let g(i) = 2*i - 2. Let s be g(a). Let p be s - (1 + -5 + 2). What is the greatest common divisor of 50 and p?
10
Suppose -4*u = 4*r - 32, 0*r - 2*r - u + 11 = 0. Suppose -r*m = m + 4. Let c be -1 + m + 112/2. Calculate the greatest common factor of 36 and c.
18
Suppose -r - 62 = -0*r. Let q = 222 + r. Calculate the greatest common divisor of 20 and q.
20
Let k(d) = -5*d**3 - d + 1. Let u be k(1). Suppose 0 = f + 4*t - 3, 2*f - 3 = -5*t - 0. Let v be f - 6/(2 + u). Calculate the highest common factor of 7 and v.
1
Suppose -6*w + 9*w + 513 = 0. Let u = -91 - w. Calculate the highest common divisor of 32 and u.
16
Let u(z) = -z**3 - z**2 + 8*z - 2. Let g be u(-4). What is the greatest common divisor of 35 and g?
7
Let y = 63 - 59. Calculate the highest common factor of y and 36.
4
Let m(n) = n**2 + 80. Let h be m(0). What is the highest common divisor of 10 and h?
10
Let a(q) = 6*q + 4. Let c be a(9). Suppose -x - s = -c, 0 = 4*x + s - 200 - 47. Suppose 2*b = 3*b - 9. Calculate the greatest common factor of x and b.
9
Let f(j) = 9*j**2 - 2*j - 4. Let c be f(2). Calculate the highest common divisor of c and 42.
14
Let n(b) = -b**2 - 5*b - 4. Let u be ((-18)/(-21))/((-2)/14). Let o = 3 + u. Let g be n(o). What is the greatest common divisor of 10 and g?
2
Suppose -7*b + 35 = -2*b - 5*d, 4*d = 4. What is the greatest common divisor of 64 and b?
8
Suppose 3*a - 123 - 30 = 0. Let l be -3*(-5 + 2/(-3)). Calculate the greatest common factor of a and l.
17
Let h be 52*(3/(-12) - (2 + -3)). What is the highest common factor of 91 and h?
13
Let o = 27 + -18. What is the highest common factor of 3 and o?
3
Suppose 52 = 4*t - 4*f, 5*t - 2*t - f - 49 = 0. Calculate the greatest common divisor of t and 45.
9
Let w(c) = c**3 + 11*c**2 - 12*c + 4. Let b be w(-12). Let m be (-2)/b + (-788)/(-8). Calculate the highest common factor of m and 14.
14
Suppose 4*f + 4 = -0, -5*f = 2*l - 199. Let v = l - 24. What is the greatest common factor of v and 52?
26
Let a = 42 + -20. Calculate the greatest common divisor of a and 110.
22
Let w(y) = y. Let b be w(5). Let f(u) = 2*u - 5. Let n be f(b). Suppose -2*g + g = p - 7, n*g = -4*p + 31. Calculate the greatest common divisor of g and 9.
3
Suppose -5*o = -31 + 111. Let d = o - -37. What is the highest common divisor of 42 and d?
21
Suppose -4*q + 5*u + 97 + 7 = 0, -3*u - 130 = -5*q. Suppose 5*j - 325 = -4*k - 0*k, 5*j + 2*k - 325 = 0. Calculate the greatest common factor of j and q.
13
Let r = 7 - 4. Let c = r - 3. Suppose c = v + p - 5, -5*v + p + 11 = -p. What is the greatest common factor of 9 and v?
3
Let r(y) = -y**3 - 7*y**2 - 7*y - 6. Let u be r(-6). Suppose u = 3*h + 2*c - 31, -h - 4*c + 17 = -0*h. What is the greatest common divisor of 3 and h?
3
Suppose 5*r - 25 = -5*o, -17 = -5*o + 3*r - 0*r. Let s be -22*1*(-6)/o. Let y be -2*(-1 - 18/4). Calculate the highest common factor of y and s.
11
Suppose g + 12 + 130 = y, -3*g = -y + 138. Calculate the greatest common divisor of y and 16.
16
Suppose -5*s - 4*u + 740 = 0, -u + 159 = s + 2*u. Calculate the greatest common divisor of s and 16.
16
Let c = -433 - -743. What is the greatest common factor of c and 10?
10
Let m = -19 + 94. What is the highest common factor of m and 25?
25
Suppose 3*d - 29 = -q, -3*d + 37 + 8 = -3*q. Calculate the highest common divisor of d and 11.
11
Suppose -5*t = -46 - 74. Calculate the greatest common divisor of t and 8.
8
Let x(s) = s**2 + 7*s - 6. Let w be x(5). Suppose -v - 2 + 6 = 0. Suppose v*h = -0*c + 2*c - 16, 4*c - 2*h = 26. What is the highest common factor of w and c?
6
Let v(x) = -x + 45. Let n be v(0). Let z = -30 + n. Suppose 3*o - 209 - 16 = 0. What is the greate